(u) = -u**3 - 216*u**2 + 251*u + 7392. Let v be r(-217). Calculate the highest common factor of m and v.
14
Suppose 3*o - 51 = -6*q, 3*q = -2*o + 23 + 10. Calculate the greatest common divisor of 2052 and o.
3
Suppose 1 = 2*d - 63. Let a = 22 - d. Let c be 4*(-4 + (-55)/a). What is the greatest common factor of 18 and c?
6
Suppose 148 = d - 4*j, -298 = -5*d + 5*j + 517. Let u(k) = 3*k - 3. Let w be u(8). Let h = w - -3. What is the highest common factor of d and h?
24
Let v be 240/5 - (-375)/25. Suppose m = -2*j + 35, 2*m - 100 = -0*m + 2*j. Calculate the highest common factor of m and v.
9
Let d(r) = r**2 - 58*r + 922. Let n be d(22). What is the greatest common factor of 10790 and n?
130
Suppose -2647 = -z - 153*y + 158*y, 2*y = -4*z + 10676. Calculate the greatest common divisor of z and 63.
21
Let h(b) = -b**2 - 4*b + 28. Let j(m) = -m. Let f(u) = -h(u) - 6*j(u). Let i be f(3). Calculate the highest common divisor of 209 and i.
11
Let a(x) = 29*x - 71. Suppose -5*j = 4*r - 69, -7*r + 5*r = -3*j + 37. Let v be a(j). Calculate the greatest common divisor of 34 and v.
34
Let q be ((-13543)/934)/((2/10)/((-332)/10)). What is the highest common factor of q and 249?
83
Let r(c) = 4*c + 16*c + 4*c**2 - 5*c**2 + 0*c**2 + 26*c + 18. Let f be r(43). Calculate the highest common divisor of f and 42.
21
Let z = 8 - 50. Let t(a) = -10*a. Let r be t(7). Let j = z - r. Calculate the highest common factor of 4 and j.
4
Let y be 59/6*26 - (-2)/(-3). Suppose -9*a = -6*a - y. Suppose d + 4*i = 3*i + 15, 4*d - i = a. Calculate the highest common divisor of 80 and d.
20
Suppose -113*s - 20*s + 3290 + 8414 = 0. What is the highest common factor of 16 and s?
8
Suppose 632 - 747 = -4*h + 5*x, 4*h - 117 = 3*x. What is the greatest common factor of 75 and h?
15
Let w(z) = 8*z**2 - 93*z + 4968. Let k be w(0). Calculate the greatest common divisor of 72 and k.
72
Let i = 3516 - 3497. Calculate the highest common divisor of 48 and i.
1
Suppose 36 = -4*w + 44. Suppose -24 = w*s - 4*c, -s - 8 = -4*c - 0. Let y = s + 35. What is the highest common divisor of 38 and y?
19
Let s be 42/(-3)*(0 + -2). Suppose -l + 5 = 1. Suppose 0 = c - l*r - 176, -3*c + 4*r = -4*c + 216. Calculate the greatest common factor of c and s.
28
Let i = 9199 + -8924. What is the highest common divisor of 1025 and i?
25
Let w be ((-12)/(-8))/((-1)/(-12)) - 0. Suppose -m + 7*m = w. Let p be -6 - -3 - (m - 19). What is the greatest common divisor of p and 78?
13
Let u = 45 - -80. Suppose 15*a - 12*a = -d + 22, 0 = d + a - 14. Calculate the highest common factor of u and d.
5
Let q = -11630 - -11659. What is the highest common divisor of q and 14761?
29
Suppose 405 - 12885 = -4*p. What is the highest common factor of 32 and p?
16
Suppose -4*l + 89 = -2*o + 73, 3*l + 3*o - 48 = 0. What is the highest common divisor of l and 7624?
8
Let x be 16/(31 + -111) - 91/(-5). Suppose 0 = m + u + 4*u - 30, -5*m - u = -30. Suppose m = -y + 23. Calculate the greatest common factor of y and x.
18
Let n(f) = 34*f - 123. Let s be n(4). Suppose -3*w - 5*v = -633 - 98, -982 = -4*w - 3*v. Calculate the highest common divisor of w and s.
13
Let n = -205 - 112. Let f = n + 321. What is the highest common divisor of 8 and f?
4
Let k = -409 + 424. Suppose -3*l + 4*c = -182, c + 20 = k. What is the greatest common factor of 198 and l?
18
Let a be (24/9)/(8/24) + 10882. Calculate the greatest common divisor of 270 and a.
90
Suppose 3*a + 3*d - 1 = 65, -3*a + 70 = 4*d. What is the greatest common divisor of 93 and a?
3
Let r(m) = m**3 - 65*m**2 + 144*m - 54. Let a be r(63). What is the greatest common factor of 120 and a?
120
Let d = 48 - 48. Suppose d = 8*o - 31 + 23. Calculate the highest common divisor of o and 13.
1
Suppose 5*u - 589 - 8106 = -5*o, -5*o + 2*u = -8702. What is the greatest common divisor of 30 and o?
30
Suppose 2*g = -4*i + 496, -5*g - i = -g - 1020. Suppose g + 416 = 7*x. What is the highest common divisor of 54 and x?
6
Let o(t) = -t**3 - t**2 + 8*t + 18. Let g be o(-5). Let y be (-3)/((-36)/16)*g. Calculate the greatest common factor of 221 and y.
13
Suppose -3*y - s = 2550, y + 861 = -9*s + 5*s. Let t = -777 - y. Calculate the highest common factor of t and 168.
24
Suppose -19 + 4 = -5*j. Let c = 3 + j. Let y be 30/(0 - -5)*6. What is the highest common divisor of y and c?
6
Let c = 1527 - 860. What is the highest common factor of c and 203?
29
Suppose 5*n + 3*a = 5, -a = 8*n - 3*n + 5. Let o(g) = 36*g**2 + g + 3. Let j be o(n). Let x = j + -49. What is the highest common divisor of 12 and x?
12
Suppose 3*n = -2*d + 2466, -4*d + 5354 = n + 422. What is the greatest common factor of 99 and d?
9
Suppose 5*b - 513 = 2*b. Suppose 1210 = 251*o - 3559. Calculate the greatest common factor of b and o.
19
Let y(b) = -2*b**3 - 195*b**2 + 95*b - 162. Let r be y(-98). Calculate the highest common divisor of 3597 and r.
33
Let z(t) = 154*t - 4194. Let i be z(46). Calculate the greatest common divisor of i and 306.
34
Suppose 34*p - 78 = 30*p + 3*i, -4*p - 3*i = -90. Let k(z) = -16*z + 384. Let t be k(p). Suppose 576 = w + 3*w. Calculate the highest common factor of t and w.
48
Let r = 49 + -43. Suppose 4*u + r*u + 20 = 0. Let p be (u/3)/(1*6/(-63)). What is the greatest common divisor of p and 7?
7
Suppose 0 = -3*w + 4*w - 3. Let r(h) = 52*h - 49. Let a be r(7). Suppose a = 10*q + 5*q. Calculate the highest common divisor of q and w.
3
Let w(u) = -6*u**2 + 116*u - 3. Let q be w(19). What is the greatest common divisor of q and 395?
5
Let u be 1/8*459 - (-14)/((-2352)/63). Calculate the greatest common divisor of u and 1387.
19
Suppose 0 = -5*c + h + 2236, 2*c = c + 2*h + 440. Suppose -24*p - c = -32*p. What is the greatest common factor of p and 24?
8
Let x(d) = -2*d**2 + 32*d - 3. Let m(a) = 17*a**3 - 5*a**2 + a + 2. Let u be m(1). Let n be x(u). Calculate the highest common divisor of n and 36.
9
Suppose u - 5*w + 0*w + 222 = 0, 0 = 2*w. Let f = 278 + u. Calculate the greatest common factor of f and 84.
28
Suppose -p + 1 = -3. Let h = 1 + p. Let s = 125013 + -125008. Calculate the highest common divisor of s and h.
5
Let x(t) = t**3 - 130*t**2 + 1310*t - 39. Let i be x(119). What is the greatest common divisor of i and 270?
10
Let s be (-14 + (-164)/(-12))*-6. Calculate the greatest common factor of s and 125.
1
Suppose 28*i - 3 = 81. Suppose 4*m = -t + 2435, 5*m - i*t - 4795 = -1764. Calculate the greatest common factor of m and 38.
38
Let l = 3753 + -3737. What is the highest common divisor of 1000 and l?
8
Let o(j) be the third derivative of -j**5/60 - 13*j**4/24 + 38*j**3/3 + 82*j**2. Let n be o(-15). What is the greatest common divisor of 23 and n?
23
Let h(t) = -t**3 + 16*t**2 + 56*t + 24. Let x be h(19). Suppose -x*f + 2371 = -a, 4*f + a - 3*a - 1892 = 0. Calculate the greatest common factor of f and 190.
95
Let a = 8685 + -6039. Calculate the highest common divisor of a and 81.
27
Suppose -2*x + 4*v - 227 = -x, -5*x = -2*v + 1189. Let t = x + 246. Calculate the highest common factor of t and 7.
7
Suppose -423*v + 29733 = -412*v. Calculate the greatest common factor of v and 795.
159
Let g = 105 + -90. Suppose 21*m - 16*m + g = 0. Let v be (-8)/(-2) - (-1 + m - -5). Calculate the greatest common factor of v and 12.
3
Let j(g) = 4876*g - 8. Let p be j(-1). Let h be p/(-42) + (-6)/21. Suppose 3*z - 2*n = 174, -5*z = n - 187 - h. What is the greatest common factor of 15 and z?
15
Suppose -22*b = 9 - 9. Suppose b = -16*u - 3 + 83. Let m = 24 + -14. What is the greatest common divisor of m and u?
5
Let c be (8/36)/((-5)/(-720)). Let x be 4/((-1)/30*-5). Calculate the highest common factor of c and x.
8
Let f be (-2)/(-8) + 3859/68 + 7. What is the greatest common factor of f and 1184?
32
Let o(m) = 103*m**2 + 71*m - 120. Let x be o(3). Calculate the greatest common factor of x and 1224.
204
Suppose 2*n + q - 108 = 0, 24*q - 10 = 19*q. Let p(z) = 146*z - 1. Let k be p(4). What is the highest common factor of k and n?
53
Let n be (-12 - -13)/((-1)/(-8)). Let f be (-68)/n*6/(-9)*3. What is the greatest common divisor of 272 and f?
17
Let z = -973 + 1043. Let a be ((-6)/(-12))/((-1)/16). Let g be ((-60)/16)/(3/a). Calculate the highest common divisor of z and g.
10
Let q(b) = -88*b**3 - 27*b**2 + 52. Let f be q